+ 11. Let k(x) = 0 - w + x**3 + 3*x - 7 + 7*x**2 - 2*x**3. Calculate k(7).
13
Let p(a) be the second derivative of -a**7/2520 - a**6/144 + a**5/20 - 7*a**4/12 - 13*a. Let u(k) be the third derivative of p(k). Calculate u(-5).
6
Let n be 9/(-108) + 35/(-12). Let c(k) = -8*k - 3. Give c(n).
21
Let h(a) = 2*a + 10*a**2 + 2*a**2 + 24 - 13*a**2 - a. Give h(6).
-6
Let t(y) = -y**3 + 13*y**2 - 11*y - 4. Let f = 157 + -145. Determine t(f).
8
Let y(j) = -j + 12. Let a be y(7). Let u(b) = -b**2 - a*b + 5 - 5 - 2 - 2*b. Calculate u(-6).
4
Suppose 7*p = 16*p + 45. Let d(o) = -2*o**2 - 7*o + 1. Give d(p).
-14
Let z(f) = 2*f**2 + f - 4. Let c = 95 + -77. Suppose 0 = -5*a - a - c. What is z(a)?
11
Let o(t) = -t**3 - t**2 + t - 5. Let c = 1482 + -1482. Give o(c).
-5
Suppose 3*l + 5 = j, -3*j + 2 - 1 = -2*l. Let u(t) be the third derivative of -t**6/120 - t**5/60 + t**4/24 + t**3/6 - 1034*t**2. Calculate u(j).
0
Suppose -4*r + 26 = -l - 3, -20 = -5*r. Let m = l - -23. Let g be (-10)/25 - (-44)/m. Let j(x) = x. Give j(g).
4
Let z(f) = -3*f**2 - 5*f - 9. Let m(j) = -2*j**2 - 3*j + 4. Let x be m(-3). Let a(i) = 7*i**2 + 10*i + 19. Let t(r) = x*z(r) - 2*a(r). Determine t(-5).
7
Suppose -o + 2 + 0 = 0. Let z(y) = -2 - o + 0*y**3 + 5*y - 2*y**2 - 3*y - y**3. Determine z(-3).
-1
Let y(a) = 2*a - 7. Suppose 5*i - 2*q + 30 = 188, -20 = 5*q. Suppose -m - 5*m = i. Give y(m).
-17
Let z(m) = m**3 - 7*m**2 + m + 2. Let t be z(7). Let b = t - 3. Suppose -4*n = -b*n. Let l(r) = r + 4. What is l(n)?
4
Let h(s) be the first derivative of -s**4/4 + 2*s**3/3 - s**2/2 - s - 76. Determine h(3).
-13
Let r(c) = 5*c - 1. Let g be r(3). Let z = g + -19. Let x(i) = -i**2 - 7*i - 5. What is x(z)?
5
Let l(p) = -7*p**3 - 4 + 2*p**2 - 100*p + 6*p**3 + 108*p. What is l(5)?
-39
Let w(o) be the third derivative of -o**4/24 + 2*o**3 - 79*o**2. Calculate w(11).
1
Let b = 121 + -63. Let x(p) = -p**3 + 114*p - 58*p - b*p - 3 + 0*p**2 + 5*p**2. What is x(5)?
-13
Let k(n) = -n**3 - 5*n**2 + 5*n - 4. Let t = 2 - 0. Suppose -5*g = -t*g - 33. Suppose 2*d + g = -1. Give k(d).
2
Let y(k) be the second derivative of -k**5/60 + k**3/6 - 5*k**2/2 + 19*k. Let h(b) be the first derivative of y(b). Calculate h(-1).
0
Let s(j) = 6*j + 2. Suppose -9*k = -14*k + 25. Let p(z) = -z. Let b(o) = k*p(o) + s(o). Give b(-9).
-7
Let s = -21 + 24. Let n(w) be the second derivative of -w**4/6 + w**3/2 + 3*w**2/2 + 9*w + 3. What is n(s)?
-6
Let j be (-2)/8 + 9/4. Let q(i) = 6*i**2 - 8*i + i**3 - 2*i**j + 2*i**2 + 3 + 1. Let z = -10 - -3. What is q(z)?
11
Let t = -13 + 24. Suppose 0 = -3*y - v + 2, -3*v - 1 - t = 0. Let a be y/6 - 153/(-27). Let q(i) = i**3 - 5*i**2 - 7*i - 5. Give q(a).
-11
Let y = -69 + 71. Suppose -4*x = x. Let q(v) = x - y + v**3 + 2*v**2 + v - 5*v + 0*v. Calculate q(-3).
1
Let k(i) = -8*i**2 - 2*i - 1. Suppose -18 = 3*c + 6. Let j be c/(-14) - (-15)/35. Suppose 10*p - 9*p = -j. Give k(p).
-7
Let l(n) be the first derivative of n**7/840 - 7*n**6/360 - 3*n**5/40 + 11*n**4/24 + 35*n**3/3 - 29. Let y(p) be the third derivative of l(p). Give y(8).
3
Let k(j) be the first derivative of -j**7/840 - j**6/120 + j**5/60 - j**4/12 - 13*j**3/3 + 10. Let q(y) be the third derivative of k(y). Give q(-4).
6
Let a = -183 + 178. Let v(m) = -m**2 - 6*m - 5. Calculate v(a).
0
Let k(n) = n + 7. Suppose 0*h = 8*h. Suppose h = -36*d + 34*d - 10. Determine k(d).
2
Let o be (-7)/(2 + (-3 - -1) + 1). Let m(l) = -2*l - 14. Give m(o).
0
Suppose 23 = -9*n - 13. Let s(u) = -u**3 - u**2 + 7*u + 5. What is s(n)?
25
Suppose -3*z - 16 = -9*f + 5*f, -3*z + 8 = 2*f. Let l(k) = k**2 + 2. Determine l(f).
18
Let p(m) = 1. Let z(w) = -3*w - 8. Let g(x) = 4*p(x) + z(x). Suppose y + c = -0*c + 16, 0 = 2*y + 3*c - 28. Let a be 3*(y/(-3))/5. What is g(a)?
8
Let k(u) = 0*u**2 - 1 + u**2 + 8*u + 0*u**2. Suppose -l + 32 = -4*t + 2*l, -2*l - 16 = 2*t. What is k(t)?
-1
Let t(s) be the second derivative of -s**4/12 - 2*s**3 - 9*s**2 + 50*s. Determine t(-9).
9
Let f(a) = -a**2 + 3*a + 7. Let r be (5 - (-68)/(-12)) + 65/3. Suppose 46 = 5*w + r. Determine f(w).
-3
Let q be (-114)/(-22) + 38/(-209). Suppose 0 = -q*l + 6*l + 2. Let k(m) = -3*m + 0*m + 0*m. Determine k(l).
6
Let r(g) be the third derivative of g**6/90 - g**5/60 + g**4/24 + 5*g**3/6 - 17*g**2. Let x(j) be the first derivative of r(j). Give x(1).
3
Let n(r) = r**3 + 5*r**2 + 4*r + 4. Let z be (-4 - -1)/3*-5. Suppose -2*a = 4*d + 8, -2*a + z*d - 16 = d. Let h be -3*(-2)/a*3. Determine n(h).
10
Let m = 13 - 15. Let d be 1/m*0/(-4). Let i(u) = -u**2 + u - 6. What is i(d)?
-6
Let f = 25 + -22. Let a(q) = -1 + 2 - 2*q - f + 3. Let d be (0 - -2)/4*-8. Calculate a(d).
9
Let y(b) = b**3 - 12*b**2 + 12*b - 8. Let w be y(11). Let z(u) = -w + 2*u + 1 - 3*u. Determine z(5).
-7
Suppose -170*v = -165*v - 10. Let q(w) be the second derivative of -1/6*w**3 - 4*w - 13/2*w**v + 0. Calculate q(0).
-13
Suppose -33*i + t + 2 = -29*i, 5*t = i + 9. Let r(g) = 14*g. Determine r(i).
14
Let x be (2 - (0 + 6)) + 2. Let c(w) = 107 - 52 - w - 53 + 2*w**2. What is c(x)?
12
Suppose -4*k + y + 13 = k, -2*k + 4*y - 2 = 0. Suppose -4 + k = r. Let g(w) = 2*w - 4 + 5*w**3 + 5 + 7*w**3. Determine g(r).
-13
Let k(q) = q**3 - 14*q**2 - 13*q - 18. Let x(w) = w**3 + 10*w**2 - 173*w - 23. Let y be x(-19). Calculate k(y).
12
Let q(h) = 2*h - 4. Suppose 0*s + 4*s - 48 = 0. Let y = s + -8. Let a = y - -1. What is q(a)?
6
Let c(z) be the second derivative of z - 21 - 1/2*z**2 + 1/12*z**4 + 0*z**3. Determine c(4).
15
Let b = 48 + -53. Let v(g) = -g - 9. Determine v(b).
-4
Let p(k) = -2*k + 0*k - 283*k**2 + 280*k**2 + 4*k. Give p(-2).
-16
Let a(u) = -18*u - 12*u + 11 + 34*u - 6*u. Give a(8).
-5
Let i(v) = v**3 + 4*v**2 + 2*v + 1. Let u be ((-12)/10)/((-12)/150). Let b = 18 - u. Let q = 0 - b. Calculate i(q).
4
Let p = 366 + -365. Let r(y) be the third derivative of 7*y**4/24 + y**3/6 - y**2. What is r(p)?
8
Let d(m) = 2*m + 17 - 9 - 6. What is d(-3)?
-4
Let i(v) = -v**3 + 7*v**2 - 5*v - 4. Let p be 8/10 - 16/(-5). Let y = p - -2. Calculate i(y).
2
Let a(l) = -1. Let f(c) = 5*c + 6. Let g(d) = -5*a(d) - f(d). Determine g(5).
-26
Suppose -3*l + 6*l = 3*w, -2*l - w = 0. Let z(j) = 3*j - 10. Give z(l).
-10
Let n(j) = 3*j**2 - 13*j + 1. Let a(w) = 2*w**2 - 9*w + 1. Suppose -3*o + 31 - 9 = -4*l, -o - 9 = l. Let u(k) = l*a(k) + 5*n(k). Let z = 3 - 5. Determine u(z).
6
Let u = -29 + 27. Let w be -5 + (u - 0/3). Let b(m) = m**2 + 10*m + 10. Calculate b(w).
-11
Let x = -50 - -48. Let t(n) = -n**3 - n - 5. Let s(l) = -l**2 - l + 1. Let v(f) = x*s(f) - t(f). Determine v(-2).
-3
Let d(y) be the second derivative of -y**5/20 - 5*y**4/6 + 25*y**3/6 + 6*y**2 - 3*y - 62. What is d(-12)?
0
Let y(m) be the first derivative of 19*m**2/2 + 28*m - 15. Let g(n) = 13*n + 19. Let f(v) = -7*g(v) + 5*y(v). Determine f(-6).
-17
Let r(w) be the first derivative of -4/3*w**3 + 1/4*w**4 + 15 - 2*w + 3/2*w**2. Suppose 0*n - 4 = -n. Determine r(n).
10
Suppose -2*a - 4*d = 3*a - 22, 0 = 3*a - 3*d + 3. Let t(m) = 4*m - 10*m**3 + 9*m**3 + m**a + 1 - 5*m**2. Calculate t(-5).
6
Let g(m) be the second derivative of 0 + 0*m**2 - 12*m + 1/6*m**3. What is g(-2)?
-2
Let t(q) = 5*q**3 + 25*q**2 + q - 22. Let o(p) = -3*p**3 - 13*p**2 + 11. Let a(i) = 7*o(i) + 4*t(i). What is a(9)?
25
Let i(w) = -w**3 - 6*w**2 + w + 7. Let l(c) = c + 1. Let t(p) = -i(p) + 4*l(p). Let o be 1/(((-2)/(-15))/((-4)/6)). Determine t(o).
7
Suppose -15 = -5*d, -5*t - d + 13 = -0*t. Let k(s) be the first derivative of 6 + 0*s - 1/2*s**t. Calculate k(-3).
3
Let h(p) = -p**2 - 1. Let z be h(-2). Let u be z/(-10)*4/2. Let r be u*(6/3 - 3). Let k(j) = -7*j**3 - j**2 - j - 1. Give k(r).
6
Let i(d) be the third derivative of -d**6/120 + d**5/20 + 5*d**4/12 - 5*d**3/6 - 352*d**2 - d. What is i(4)?
19
Let r(t) = t**2 - 4*t - 2. Suppose -983 = 4*g - 887. Suppose 0 = -4*y + 3*y - 29. Let f = g - y. Determine r(f).
3
Suppose -2*m + 2*f = 7*f + 1, 3*m - 7 = f. Let t(g) be the first derivative of -9 - m*g**2 + 1/3*g**3 - 5*g. Give t(4).
-5
Let x(p) = -2*p - 2. Let y = -30 - -30. Suppose 3*r = -21 - y. Give x(r).
12
Let h be -1 - ((1 - 2) + 5). Let r(z) be the first derivative of z**5/120 + z**4/4 + 64*z**3/3 + 28. Let p(o) be the third derivative of r(o). Give p(h).
1
Let c(t) = t**2 + t - 1. Suppose 0*y + y - g = -5,